prime factors of f.
2, 491
Let b(j) = 6*j. Let p be ((-2)/3)/(4/(-6)). Let h be b(p). Suppose a + t = h*a - 174, -5*a = t - 176. What are the prime factors of a?
5, 7
Let f = -384 + 611. List the prime factors of f.
227
Let o(q) = q**3 - 3*q**2 - 15*q + 22. List the prime factors of o(12).
2, 569
Suppose -3*n - 21 = 3*d, 4*n + 7 = -2*d + 5*d. Let g(a) = a**2 + 3. What are the prime factors of g(d)?
2, 3
Let y = -614 + 1049. List the prime factors of y.
3, 5, 29
Let v(g) = 510*g**2 + 3*g + 1. Let j be v(-1). Suppose -3*r = 2*d - d - 306, -5*r = d - j. List the prime factors of r.
101
Let h be 4/(-20) + 1/((-5)/(-721)). What are the prime factors of (2 - (3 - 4))/(4/h)?
2, 3
Let d be -12 - (12/3)/(-2). Let w be (-246)/(-15) + 4/d. List the prime factors of -18*(w/12 + -2).
2, 3
Let q(l) = -24*l - 15. Let r(b) = b + 1. Let h(o) = q(o) - 3*r(o). What are the prime factors of h(-3)?
3, 7
Let u be (-2)/(-7) - (-10)/(-35). What are the prime factors of 108*(2 + u + -1)?
2, 3
Suppose 6211 = 4*h + t, -137*h - 6223 = -141*h - 5*t. What are the prime factors of h?
2, 97
Let t = -140 + 224. Let q = t - -108. What are the prime factors of q?
2, 3
Suppose -4*z + 2*l = -10510, -10508 = -4*z + 47*l - 43*l. What are the prime factors of z?
2, 3, 73
Let x be ((-2)/(-3))/((-2)/(-9)). Suppose c - x*c = 0. Let r(i) = -i**3 - i + 12. What are the prime factors of r(c)?
2, 3
Suppose 74 = -3*v - 3*n + 7*n, -5*v + n = 146. Let i(s) = s**2 + 24*s - 51. List the prime factors of i(v).
3, 43
Let j = 847 - 716. List the prime factors of j.
131
Let p = 19 - -39. List the prime factors of (30/20)/(3/p).
29
Let u = -31 - -34. Let j(h) = 6*h**3 - 4*h**2 - 2*h + 5. List the prime factors of j(u).
5
Let u = -177 - -192. List the prime factors of u.
3, 5
Let d = 193 - 61. Let z = d - 66. What are the prime factors of z?
2, 3, 11
Suppose -492*f + 502*f = 29100. List the prime factors of f.
2, 3, 5, 97
Let p(f) = 16*f**2 - 2*f. Let k be p(2). Suppose -2*r = -3*r - k. Let n = -42 - r. What are the prime factors of n?
2, 3
Suppose t - 2*i = 1247, -4*t + 3*i + 3737 = -1231. List the prime factors of t.
3, 7, 59
Let l = 136 - 74. Let o = 148 - l. What are the prime factors of o?
2, 43
Let b = 1013 - -960. What are the prime factors of b?
1973
Let u = 1804 + -32. List the prime factors of u.
2, 443
Let r = -38 + 28. Let q be (r + 9)*(0 + -9). Let c(z) = -z**2 + 9*z + 11. List the prime factors of c(q).
11
What are the prime factors of (-7)/(-1) + (-42)/(-7)?
13
Let i be 1/(-2)*(-572)/13. Suppose 8 + i = 6*y. Suppose -5*r - 25 = 0, 310 - 65 = y*s + 5*r. List the prime factors of s.
2, 3
What are the prime factors of (1554 + -2)*5*22/55?
2, 97
Suppose -32 = 4*y - 0*w - w, -30 = 2*y - 4*w. Let d(q) = -7*q**3 - 8*q**2 - 10*q. Let o(j) = j**3. Let c(i) = d(i) + 6*o(i). List the prime factors of c(y).
3, 7
Let k = 9809 + -6676. List the prime factors of k.
13, 241
Suppose -36 = 7*b - 10*b. Suppose 0 = 3*d + b - 141. What are the prime factors of d?
43
Let y(s) = -s**2 - 7*s + 9. Let b be y(-9). What are the prime factors of (-20 + b/(-3))/(-1)?
17
Let v(n) = -26*n**2 + 16*n + 26. Let s(x) = -5*x**2 + 3*x + 5. Let o(t) = -16*s(t) + 3*v(t). Let d(z) = -2*z - 1. Let k be d(1). List the prime factors of o(k).
2
Suppose -2*g = 3*r - 7830, -5*g - 4*r = -7*g + 7844. What are the prime factors of g?
2, 3, 653
Suppose 0 = 11*q - 9*q - 526. List the prime factors of q.
263
What are the prime factors of -18*37*2/(-9)?
2, 37
Suppose 4*f = 2*d + 525 - 91, 2*f - 5*d - 229 = 0. Let c = f - 56. List the prime factors of c.
3, 17
Suppose 354 = -22*i + 24*i. List the prime factors of i.
3, 59
List the prime factors of (-18411)/34*8/(-6).
2, 19
Suppose 0 = -2*a - 3*i - 0*i + 38, 0 = -2*a + 2*i + 18. Let f = a + -5. List the prime factors of f*(2/4 - -1).
2, 3
Let w(m) = -m**2 + 4*m + 1. Let o be w(4). What are the prime factors of 0 + 4/1 - o?
3
Let h be (-2)/(3 + (-22)/6). Suppose -4*i + h = -5*v - 15, 0 = 4*i - 4*v - 16. Suppose i*x = 54 + 6. What are the prime factors of x?
2, 3, 5
Let t be 4/10 - 392/(-20). Suppose -5*w - t + 5 = 0. Let m = w + 10. List the prime factors of m.
7
Suppose -8 = -2*i - 0, -o + 23 = 5*i. Suppose -u = -o - 1. Suppose 5*v - l - 86 = -3*l, u*l + 20 = 2*v. What are the prime factors of v?
2
Let t(r) = r**3 + 2*r**2 - 8*r + 2. Let k be t(-4). Suppose j = k*o + 130 + 11, -453 = -3*j - 4*o. List the prime factors of j.
3, 7
Suppose 0 = 78*t - 87*t + 21798. What are the prime factors of t?
2, 7, 173
Suppose 130591 = 55*f - 97274. List the prime factors of f.
3, 1381
Let y = 445 + -170. Let f(x) = x**3 - 3*x**2 - 4*x + 2. Let a be f(4). Suppose -3*b = a*b - y. List the prime factors of b.
5, 11
Suppose -2048 = -3*m - 515. List the prime factors of m.
7, 73
Suppose 2*s - 8 = -22. Let w be (s - -16)/(0 - -1). List the prime factors of 21/9 - 3/w.
2
Let x = 1176 + -519. What are the prime factors of x?
3, 73
Suppose 4*o + 15 = o - 3*x, 0 = 3*o - 5*x - 17. Suppose -2*w + 3*w = 3. Let f = o + w. List the prime factors of f.
2
Suppose -2*j - 4*h = -954, -5*h - 4 = -9*h. What are the prime factors of j?
5, 19
Let t be 74*(18/4 + -3). Let f = t - -212. List the prime factors of f.
17, 19
Let w = 3751 + -1408. What are the prime factors of w?
3, 11, 71
Let w(b) be the third derivative of -b**6/120 - b**5/5 - 3*b**4/8 - 14*b**3/3 - 19*b**2. What are the prime factors of w(-12)?
2, 5
Let p(s) = 2*s**2 - 24*s - 22. Let t(g) = -g**2 + g. Let k(o) = -p(o) - 4*t(o). What are the prime factors of k(-13)?
2, 5
Suppose b + 2*t + 2098 = 5*b, 5*b = 2*t + 2623. Suppose 5*q = b - 175. Suppose -15 = 5*o - q. What are the prime factors of o?
11
Let x(t) = -t**3 + 13*t**2 - 11*t + 1. Let j = -16 + 11. Let l(b) = 6*b**2 - 5*b. Let f(u) = j*l(u) + 2*x(u). What are the prime factors of f(-4)?
2, 3
Let c = 1875 + -951. Suppose -16*i + c = -1604. What are the prime factors of i?
2, 79
Let w be 52/14 - (-4)/14. Suppose -2*z + 5*g + 101 = 0, 3*z - w*g + 62 = 203. What are the prime factors of z?
43
Let t(j) = 5*j**2 - 4*j. Let c(v) = 10*v**2 - 9*v - 1. Let h(p) = -6*c(p) + 13*t(p). What are the prime factors of h(-3)?
3, 5
Suppose 0*r + 4*d + 292 = 3*r, d = 4*r - 385. Suppose 2*t - 22 = 2. Suppose t = -7*u + r. What are the prime factors of u?
2, 3
Suppose -3*m + 5*v = v - 1466, -5*m - 5*v + 2455 = 0. Suppose -70*q + 72*q = m. What are the prime factors of q?
5, 7
Let p(f) = -f. Let l be p(-3). Suppose -2*y = l*y - 55. List the prime factors of y.
11
Suppose 0 = -3*j - q + 5, 4*j = 6*j + 5*q + 1. Suppose 95 = j*y + 5. List the prime factors of y.
3, 5
What are the prime factors of (118/(-3))/(3 - 376/120)?
5, 59
Suppose -5*k - 2*x = -2424, 94*k - 5*x = 92*k + 958. List the prime factors of k.
2, 11
Let h(p) = -9*p**3 - 3*p**2 + 20*p - 47. List the prime factors of h(-8).
3, 23, 61
Suppose -3*g + 1431 = 5*l, -4*l + g + 458 = -697. What are the prime factors of l?
2, 3
Let y be 6*(0 - -1) + (-1 - 2). Suppose 4*q - y*q - 21 = w, 2*w + 80 = 4*q. List the prime factors of q.
19
Let t(w) = 395*w**2 - 6*w + 3. What are the prime factors of t(1)?
2, 7
Let i = 3555 + -2417. List the prime factors of i.
2, 569
Suppose -9*s = -9005 - 12523. List the prime factors of s.
2, 13, 23
Suppose i + 1381 = 5*l - 0*i, -1104 = -4*l + i. What are the prime factors of l?
277
Suppose -8*g = l - 6*g - 595, 0 = -l + g + 604. What are the prime factors of l?
601
Let a(p) = 137*p**3 - p**2 + 2. Suppose -3*u - 4*s + 11 = 0, -3*s = -7*s + 8. List the prime factors of a(u).
2, 3, 23
Let b be (2 + 0)/(3/6). Suppose 7*u = b*u + 15. Suppose 2*i - 4*l = 52, 3*i + u*l = 2*l + 123. List the prime factors of i.
2, 3
Suppose -5*t = -3*u - 205 + 79, -t + 3*u + 30 = 0. Suppose -2*h - 66 = -4*w - t, 5*w = 5*h + 40. List the prime factors of w.
13
Suppose -r + 879 = -2*v, 2049 - 287 = 2*r - 3*v. List the prime factors of r.
887
Let u(k) = k + 7. Let t be u(-3). Suppose -3*s + t*m + 214 = 0, 5*m = -s - 8 + 92. What are the prime factors of s?
2, 37
Suppose -5*b - 3*w = 172, w = -b - 0*w - 34. Let a = 41 - b. List the prime factors of a.
2, 19
Suppose -2*i - 12 = -i. List the prime factors of (-412)/(-6)*(15 + i).
2, 103
Let v be ((-10)/(-4))/((-2)/(-4)). Suppose -41 = -2*d + v. Suppose 2*i - 8 = 0, 0*i - d = -3*k + i. What are the prime factors of k?
3
Let 